 of 137522 and 7942.
418
Calculate the greatest common divisor of 357 and 51919.
7
What is the highest common factor of 28766 and 152?
38
Calculate the highest common factor of 198 and 185438.
22
Calculate the highest common divisor of 483990 and 4080.
510
Calculate the highest common divisor of 10 and 7702.
2
What is the highest common factor of 48704 and 2048?
64
Calculate the highest common factor of 37674 and 7020.
234
What is the highest common factor of 200 and 125275?
25
Calculate the greatest common factor of 3496 and 149416.
152
What is the greatest common divisor of 39647 and 1517?
41
What is the greatest common factor of 30 and 3180?
30
What is the highest common factor of 362124 and 231?
21
What is the greatest common divisor of 23919 and 17?
17
What is the greatest common divisor of 55 and 229680?
55
Calculate the highest common factor of 1479 and 1972.
493
What is the greatest common divisor of 17073 and 20475?
63
Calculate the highest common divisor of 236798 and 6.
2
Calculate the highest common divisor of 97333 and 34921.
743
What is the highest common divisor of 9420 and 8164?
628
Calculate the greatest common divisor of 2304867 and 201.
201
Calculate the greatest common factor of 18280 and 8683.
457
What is the highest common factor of 222918 and 6?
6
What is the greatest common divisor of 1273 and 7?
1
Calculate the highest common divisor of 184070 and 710.
10
What is the greatest common factor of 60521 and 1?
1
Calculate the highest common factor of 127955 and 14915.
785
Calculate the highest common divisor of 42218 and 2090.
418
Calculate the greatest common divisor of 2007 and 222108.
669
What is the greatest common divisor of 685 and 268657?
137
Calculate the greatest common factor of 301 and 4988.
43
What is the greatest common factor of 129 and 451973?
43
What is the greatest common divisor of 945 and 4130?
35
What is the greatest common divisor of 2717364 and 624?
156
Calculate the greatest common divisor of 595 and 235382.
119
What is the highest common factor of 14 and 928963?
7
What is the greatest common divisor of 1870 and 53405?
55
What is the greatest common factor of 1534 and 200174?
26
What is the greatest common factor of 2132 and 4499053?
533
Calculate the greatest common divisor of 404 and 5959.
101
What is the highest common factor of 6284 and 212?
4
What is the greatest common divisor of 5785413 and 87?
87
Calculate the greatest common factor of 1431163 and 573.
191
What is the greatest common factor of 106 and 294256?
106
What is the greatest common divisor of 2185 and 998108?
437
What is the highest common divisor of 12090 and 762?
6
Calculate the highest common divisor of 1183963 and 407.
407
Calculate the highest common divisor of 413185 and 323.
17
Calculate the highest common divisor of 285 and 7809.
57
Calculate the highest common divisor of 90 and 51510.
30
Calculate the highest common factor of 65 and 5291.
13
Calculate the greatest common divisor of 210500 and 71000.
500
Calculate the greatest common factor of 7 and 192353.
7
What is the highest common divisor of 464 and 30131?
29
Calculate the greatest common divisor of 21426103 and 17.
17
Calculate the highest common factor of 130 and 507.
13
Calculate the highest common factor of 562160 and 1840.
80
What is the highest common factor of 25 and 2845?
5
Calculate the greatest common factor of 34071 and 369.
123
What is the highest common divisor of 255697 and 17?
17
What is the greatest common divisor of 66930 and 776?
194
Calculate the greatest common divisor of 1080 and 10935.
135
What is the highest common factor of 104 and 29692?
52
What is the highest common factor of 4545 and 1065?
15
Calculate the highest common factor of 14 and 1235472.
14
Calculate the greatest common divisor of 156236 and 120268.
1124
Calculate the highest common factor of 58829 and 12371.
89
What is the highest common divisor of 2530 and 19274?
46
What is the greatest common divisor of 124 and 974578?
62
Calculate the greatest common divisor of 27209 and 14534.
169
What is the greatest common divisor of 103350 and 2014?
106
Calculate the highest common divisor of 42630 and 245.
245
Calculate the highest common factor of 120 and 645.
15
Calculate the greatest common factor of 1736 and 304017.
217
Calculate the highest common factor of 157377 and 114.
57
Calculate the greatest common factor of 5828 and 7661.
47
Calculate the highest common divisor of 471 and 3651.
3
Calculate the greatest common divisor of 395200 and 5130.
190
What is the highest common divisor of 9900 and 40084?
44
What is the highest common divisor of 1058 and 545399?
529
Calculate the greatest common factor of 5280 and 26070.
330
Calculate the greatest common factor of 163999 and 85.
17
What is the greatest common factor of 2 and 68674?
2
What is the highest common divisor of 2340933 and 21?
21
What is the highest common factor of 445 and 11748?
89
Calculate the greatest common divisor of 13152 and 6852.
12
What is the greatest common factor of 1972 and 3451?
493
Calculate the highest common factor of 835 and 38911.
167
Calculate the highest common divisor of 218616 and 456.
24
What is the greatest common divisor of 18765 and 675?
135
What is the greatest common factor of 23693 and 559?
43
Calculate the greatest common factor of 1295 and 13505.
185
Calculate the highest common divisor of 38828 and 1836.
68
What is the greatest common factor of 108 and 6291?
27
Calculate the greatest common factor of 342 and 38798.
38
What is the greatest common divisor of 56018 and 50719?
757
What is the greatest common factor of 140552 and 14?
2
Calculate the highest common factor of 214874 and 286.
22
Calculate the greatest common divisor of 1395 and 9486.
279
What is the greatest common divisor of 59 and 119003?
59
Calculate the greatest common divisor of 342 and 1458.
18
Calculate the highest common divisor of 90450 and 75.
75
What is the highest common divisor of 2086 and 868?
14
What is the greatest common factor of 24216 and 240?
24
What is the highest common divisor of 175984 and 9705?
647
Calculate the highest common factor of 16801 and 3286.
53
What is the greatest common factor of 174 and 11194?
58
What is the highest common divisor of 309789 and 9?
9
What is the greatest common divisor of 8125 and 2925?
325
Calculate the greatest common factor of 23655 and 912.
57
Calculate the greatest common divisor of 644280 and 945.
105
Calculate the highest common factor of 885 and 5955.
15
Calculate the highest common factor of 3610 and 81586.
722
Calculate the greatest common factor of 307260 and 330.
30
What is the greatest common factor of 7970 and 25?
5
What is the greatest common divisor of 12 and 8801724?
12
What is the highest common factor of 120 and 151296?
24
What is the greatest common divisor of 4208457 and 33?
33
Calculate the greatest common divisor of 168777 and 567.
189
Calculate the highest common factor of 54976 and 128.
64
What is the greatest common factor of 161148 and 156?
156
What is the highest common factor of 37394 and 112?
14
What is the greatest common factor of 10404 and 52309?
289
What is the highest common divisor of 14940 and 435?
15
What is the highest common divisor of 1410386 and 174?
58
Calculate the highest common divisor of 1011 and 182654.
337
Calculate the greatest common factor of 1486 and 23033.
743
Calculate the highest common factor of 1372 and 2212.
28
Calculate the greatest common factor of 22029 and 231.
21
Calculate the highest common factor of 1232 and 23144.
88
Calculate the highest common factor of 439517 and 13.
13
Calculate the greatest common divisor of 26 and 662675.
13
What is the highest common factor of 24048 and 304?
16
Calculate the highest common factor of 56 and 113246.
14
What is the highest common divisor of 1817386 and 2276?
1138
What is the highest common factor of 62806 and 62?
62
What is the greatest common factor of 128071 and 89?
89
Calculate the greatest common divisor of 4007 and 1.
1
What is the highest common factor of 115245 and 30?
15
What is the greatest common factor of 2364 and 71314?
394
What is the greatest common divisor of 45 and 791250?
15
Calculate the highest common divisor of 1959 and 138436.
653
What is the highest common 